1110011
In base 6, what is -15343131 - -1?
-15343130
In base 7, what is -3 + 160163?
160160
In base 10, what is -160866 + -9?
-160875
In base 15, what is e - -e9dc?
e9eb
In base 13, what is -6aa6 - -9?
-6a9a
In base 16, what is -62af - 1e?
-62cd
In base 3, what is -1121 + 100120100?
100111202
In base 14, what is -31a + -1cb?
-507
In base 3, what is 1000000 + 2022?
1002022
In base 2, what is -1010111111111 + 100?
-1010111111011
In base 12, what is -b9 + -1b1?
-2aa
In base 10, what is -20 - -125?
105
In base 11, what is 4 - 4aa?
-4a6
In base 6, what is 53 - 42341?
-42244
In base 6, what is 2 - 143?
-141
In base 15, what is d + -314b?
-313d
In base 12, what is -4 + -77318?
-77320
In base 6, what is -22 + -11023?
-11045
In base 8, what is -3 - 1600777?
-1601002
In base 14, what is c - 1182?
-1174
In base 15, what is 0 + 19246?
19246
In base 2, what is -11010100010011000 - 10?
-11010100010011010
In base 3, what is -102200101000202 + 1?
-102200101000201
In base 14, what is -1623c + -5?
-16243
In base 6, what is -4313 + -4?
-4321
In base 4, what is 0 - -21002320?
21002320
In base 9, what is -1 - 1413882?
-1413883
In base 16, what is 89 + -1b8d?
-1b04
In base 15, what is -36 + a06a?
a034
In base 5, what is -122 - -210430?
210303
In base 13, what is 8716 + -118?
85cb
In base 5, what is -2414344 - 12?
-2414411
In base 12, what is 0 - -7916?
7916
In base 9, what is 15 + 206113?
206128
In base 9, what is 4118 - -213?
4332
In base 8, what is 16 + 16575?
16613
In base 6, what is -120500 + 0?
-120500
In base 8, what is 3 - 1461700?
-1461675
In base 10, what is 0 + 204578?
204578
In base 4, what is 33320 + -22?
33232
In base 8, what is 156 + 2253?
2431
In base 2, what is 1000 + -1100111101010?
-1100111100010
In base 4, what is -1 - 320313311?
-320313312
In base 13, what is 130830 - -4?
130834
In base 14, what is -bd790 + 10?
-bd780
In base 5, what is 13330 - -4213?
23043
In base 7, what is -2 + 465535?
465533
In base 9, what is 5084 + 3?
5087
In base 10, what is 1465554 - 1?
1465553
In base 7, what is 324560 - 11?
324546
In base 8, what is 167067 + -11?
167056
In base 11, what is -1a46 - 35?
-1a80
In base 14, what is -5 + -1dcda?
-1dd01
In base 11, what is 1 + -146906?
-146905
In base 15, what is -7ee04 + 4?
-7ee00
In base 13, what is 6 + -75397?
-75391
In base 11, what is 303 + -1295?
-a92
In base 7, what is 56604505 - 5?
56604500
In base 9, what is 44 + 3210?
3254
In base 12, what is 4 + -21292?
-2128a
In base 7, what is -11033 - -664?
-10036
In base 14, what is -d + 1b0?
1a1
In base 7, what is 2255 + 1046?
3334
In base 2, what is 101011001000010 - -101?
101011001000111
In base 14, what is 3 - -c448d?
c4492
In base 8, what is -1373 - 10?
-1403
In base 2, what is 100111101101111001 - -110?
100111101101111111
In base 3, what is -10111001121022 + 2?
-10111001121020
In base 11, what is 0 + 352001?
352001
In base 11, what is 5141 - 3?
5139
In base 3, what is -11210212 - -2010?
-11201202
In base 13, what is -446b8 - -6?
-446b2
In base 13, what is -64b566 + 1?
-64b565
In base 16, what is 2 - -1deda?
1dedc
In base 3, what is -1210020 - -1000011?
-210002
In base 8, what is -203454 - -3?
-203451
In base 16, what is -9 + 3bfe?
3bf5
In base 4, what is 0 + -10231333301?
-10231333301
In base 2, what is -100011100001001 + -11?
-100011100001100
In base 15, what is 19 + 14c2?
14db
In base 3, what is 10101002111111 + -11?
10101002111100
In base 5, what is 10 - 41201210?
-41201200
In base 5, what is 1114324 - 3?
1114321
In base 8, what is -317371 - -1?
-317370
In base 8, what is 1450311 - -2?
1450313
In base 13, what is 14a25 - a?
14a18
In base 15, what is 414 - -57?
46b
In base 13, what is -1b61a8 + 3?
-1b61a5
In base 9, what is -2 + -182244?
-182246
In base 14, what is -38577 + 7?
-38570
In base 3, what is -10002021 - -122012?
-2110002
In base 13, what is -3 + 1a3b19?
1a3b16
In base 2, what is -10111011110010 + 101?
-10111011101101
In base 15, what is 4 + 4e2?
4e6
In base 10, what is 95475 + 0?
95475
In base 5, what is 10240230 + -1?
10240224
In base 13, what is 59 + 1b0?
239
In base 14, what is 460a3a + -3?
460a37
In base 8, what is -31 - 363244?
-363275
In base 7, what is -3233 + 515?
-2415
In base 13, what is 283 + -10b?
175
In base 5, what is 324 + -1000?
-121
In base 11, what is 2 + 8371?
8373
In base 16, what is -2067 + d?
-205a
In base 15, what is -14 - 1438?
-144c
In base 16, what is ce - -57e?
64c
In base 16, what is -6 + 15dc?
15d6
In base 10, what is -51 + -828?
-879
In base 16, what is 10 + dfb?
e0b
In base 12, what is 4 + -30532?
-3052a
In base 13, what is 4 + 19106?
1910a
In base 2, what is -110111000 + -10000?
-111001000
In base 2, what is -1100100010110 - -1010111?
-1100010111111
In base 11, what is 7223 + 64?
7287
In base 16, what is -21e + -1db?
-3f9
In base 10, what is 5497 + -141?
5356
In base 14, what is 3b109 - 0?
3b109
In base 6, what is 24 + 252?
320
In base 8, what is 436 + -4344?
-3706
In base 13, what is -1438 - 29?
-1464
In base 9, what is 6 - -47760?
47766
In base 10, what is -191 + 1582?
1391
In base 15, what is -3 - -42c25?
42c22
In base 12, what is -673 + 396?
-299
In base 2, what is -10111110111001101 - -110?
-10111110111000111
In base 8, what is -151527 - -6?
-151521
In base 4, what is -10032021 - 20?
-10032101
In base 9, what is -3 + -7523?
-7526
In base 4, what is -21122033 - 1?
-21122100
In base 16, what is 3 - -4e13c?
4e13f
In base 12, what is 385 + -106?
27b
In base 16, what is e5fe - 7?
e5f7
In base 5, what is -4243 - 10?
-4303
In base 3, what is -12012112 + 2?
-12012110
In base 9, what is 213706 + -6?
213700
In base 6, what is 4111 - 3?
4104
In base 5, what is 2030420 + 4?
2030424
In base 8, what is -3 + 357705?
357702
In base 16, what is 2 + -9e2a?
-9e28
In base 8, what is -74 + -5635?
-5731
In base 5, what is -2331 - -32304?
24423
In base 15, what is 7c0d - -5?
7c13
In base 9, what is -173308 + -5?
-173314
In base 14, what is -2 + 412?
410
In base 6, what is 1020 + -210420?
-205400
In base 5, what is 11230 - -203?
11433
In base 16, what is 7 + -643?
-63c
In base 12, what is 41628 - -2?
4162a
In base 12, what is 2 + 6894?
6896
In base 2, what is 1 - -11100100001?
11100100010
In base 3, what is -21102001 + 210?
-21101021
In base 4, what is 2220331210 + 1?
2220331211
In base 3, what is 12 - -2210221101?
2210221120
In base 5, what is 241 + -242113?
-241322
In base 7, what is -2026 - 201?
-2230
In base 7, what is -1111 + 21?
-1060
In base 16, what is 8143 - -4?
8147
In base 12, what is -2 + 1045ba?
1045b8
In base 13, what is -9 - 187?
-193
In base 13, what is -a0 - 416a?
-423a
In base 10, what is 40 - -771?
811
In base 4, what is 321 + -202?
113
In base 4, what is -222 - -2020331?
2020103
In base 13, what is -331 - -4?
-32a
In base 6, what is 2 - 22545201?
-22545155
In base 9, what is 510405 + -3?
510402
In base 4, what is 0 - -1222002?
1222002
In base 3, what is 1101121011 - -21?
1101121102
In base 3, what is 10022111 + 1012?
10100200
In base 9, what is 1 - -40042?
40043
In base 6, what is 5154 + 200?
5354
In base 9, what is 5 - -1716?
1722
In base 8, what is -6317 - -161?
-6136
In base 12, what is 943045 + -5?
943040
In base 7, what is 3 - 605264?
-605261
In base 15, what is 1c6b14 + -5?
1c6b0e
In base 2, what is 1000111001 - -1000000001110?
1001001000111
In base 13, what is -1b734 + -3?
-1b737
In base 3, what is -11 + -201022222?
-201100010
In base 5, what is -20004123 + -2?
-20004130
In base 14, what is -33 + 86d?
83a
In base 13, what is 780 - -911?
1391
In base 11, what is -4a97719 - 0?
-4a97719
In base 6, what is 5 + -144301?
-144252
In base 4, what is -10023 - -102003?
31320
In base 12, what is -1225b + 4?
-12257
In base 12, what is -4 + 100ab2?
100aaa
In base 2, what is -10101 + -101001011?
-101100000
In base 6, what is 4 + -13443303?
-13443255
In base 16, what is -c5c + -184?
-de0
In base 11, what is 1765733 - 4?
176572a
In base 2, what is 110 + 1100111111010?
1101000000000
In base 11, what is -156 - 518?
-673
In base 16, what is b77 - -24?
b9b
In base 2, what is -101 + -1000010001011?
-1000010010000
In base 9, what is 6 + 236567?
236574
In base 16, what is -10c + 8?
-104
In base 16, what is 958 + -11?
947
In base 7, what is -1 - -1204626?
1204625
In base 14, what is d0 + -a7?
27
In base 8, what is -2521 - -20?
-2501
In ba